 be the second derivative of s**5/20 + 2*s**4/3 + 4*s**3/3 + 7*s**2/2 - 27*s + 5. Let c be 1/(-1)*(6 - 1). What are the prime factors of g(c)?
2, 3, 7
Let k = -14 + 82. Suppose 4*m = 5*m + 3*g + 71, 0 = 5*m - 2*g + 321. Let d = k + m. What are the prime factors of d?
3
What are the prime factors of (-81 - -76)*(-9236)/10?
2, 2309
Suppose -90 = -6*n + 60. What are the prime factors of (1885/n)/((-5)/25*-1)?
13, 29
Let v = 9363 - 332. List the prime factors of v.
11, 821
Let s(d) = -10*d + 97. Let w = -209 + 186. List the prime factors of s(w).
3, 109
Let h = 146957 - 87505. What are the prime factors of h?
2, 89, 167
Let s = 516 + 134. List the prime factors of 10922/13 + (s/169 - 4).
2, 3, 5, 7
Let a(k) = k**3 + 5*k**2 - k - 5. Let p be a(-5). Suppose -m = -4*g - 0*g + 1163, p = 2*g + 3*m - 585. List the prime factors of g.
3, 97
Suppose 0 = 3*t + 3957 - 14295. Suppose 13*n - 17278 = -t. What are the prime factors of n?
2, 7, 19
Let z(n) = 3*n - 13. Let r be z(6). Suppose 329 = r*c + 4. Let q = c + -52. List the prime factors of q.
13
Let v be (-1 + 0)/(((-32)/(-4))/(-40)). Suppose -5*g + 18 = -4*d, 3*d = g - v*g + 2. What are the prime factors of 0 + g/(-4) - (-722)/4?
2, 3, 5
Let q(w) be the first derivative of -w**5/15 - 5*w**4/24 - 26*w**3/3 + 9. Let j(s) be the third derivative of q(s). What are the prime factors of j(-4)?
3
Let z = -1010 + 4780. What are the prime factors of z?
2, 5, 13, 29
Let c be -2*(-1 + -2 + 3/6). Suppose c*m = -49 + 289. Suppose -m*x = -45*x - 189. What are the prime factors of x?
3, 7
Suppose 0 = -4*w + 4*k + 18408, -k - 4608 = -w + 3*k. Suppose 11*h - w + 343 = 0. What are the prime factors of h?
3, 43
Suppose 0*t = 6*t - 336. Let a(y) = 5 + 2 - 9 + t*y - 8. What are the prime factors of a(5)?
2, 3, 5
Let y be (-3 + 21/9)*24/(-8). What are the prime factors of 539 - 9 - y*(1 + 0)?
2, 3, 11
Let f = -1689 - -15971. Let z = 9508 - f. List the prime factors of (-3)/7 - z/49.
97
Suppose -4*l = 8*l. Suppose 3*d - 9*d + 2232 = l. List the prime factors of d.
2, 3, 31
Suppose -2*k - 2*c - 35 = -133, c = k - 51. Suppose 245 = 63*d - 68*d - 5*q, q = -1. Let h = d + k. What are the prime factors of h?
2
Let o = -2072 - -5902. What are the prime factors of o?
2, 5, 383
Suppose -g = -3*n + 2*n + 120, -4*n - 2*g = -450. Suppose n = j - 72. What are the prime factors of j?
11, 17
Let m be 10/1 + 13*(-3036)/(-429). Let g = -310 + 650. Suppose -z = 4*i - m, 0*i - i - g = -4*z. What are the prime factors of z?
2, 43
Let m = 7 - 6. What are the prime factors of (9 + m)/(-2) - -302?
3, 11
Let z = 737 - 518. Let a(f) = -f**3 - 5*f**2 + 5*f - 4. Let q be a(-6). Suppose 0 = q*m + m - z. What are the prime factors of m?
73
Suppose 8*i = -481 + 4513. Let p = i - 252. Suppose -3*d + p = -4*b, 5*b = 5*d + b - 428. What are the prime factors of d?
2, 11
Let z = 845 - 898. Let i(n) = -24*n - 1. Let o be i(-4). Let g = z + o. What are the prime factors of g?
2, 3, 7
Let y(t) = 26*t**2 + 7 - 6 - 19 - 3*t. List the prime factors of y(-3).
3, 5
Suppose 17*c - 185823 = 28865 + 43474. List the prime factors of c.
2, 3, 2531
Let l(j) = j**3 + 33*j**2 + 57*j + 29. Let w be l(-31). List the prime factors of (-1093)/(-4) + (-46)/w.
3, 7, 13
Let v(a) = a**2 + 9*a + 19. Let u be v(-6). Suppose 56*o = 55*o - u, 1490 = k - o. List the prime factors of k.
1489
Let u be (-12)/9*2/(-8)*3. Let o(j) = 246*j - 4. List the prime factors of o(u).
2, 11
Let u = -219 + 267. Suppose -u*c + 38936 = -4264. List the prime factors of c.
2, 3, 5
Let a be ((-5)/(1 + -26))/(2/190). Suppose 2205 = a*f + 2*f. List the prime factors of f.
3, 5, 7
List the prime factors of 45/(-9) + ((-12487)/(-4) - (-39)/(-52)).
2, 19, 41
Let p(l) = l**3 + 24*l**2 - 289*l - 47. List the prime factors of p(-31).
5, 19, 23
Let c = 446 + -158. Let g = c - 181. List the prime factors of g.
107
Let k(l) = l - 17. Let y be k(16). List the prime factors of y + ((-3)/(-15) - (-699)/5).
139
Let n = 61923 - 32627. List the prime factors of n.
2, 1831
Suppose 4*t + 6*w - 36612 = 32300, 0 = -3*t + 4*w + 51735. List the prime factors of t.
11, 1567
Let w be (-21)/21*(-5)/1. Suppose 5*n + 2*d = 2098, 3*n - 1802 = -2*d - 544. Suppose -n = -w*j + r - 3*r, 0 = j - r - 77. List the prime factors of j.
2, 41
Let t be -1 + ((-3)/7 - 48/(-14)). Suppose -4*l - 4 = -t*l. List the prime factors of -34*1*l*2/8.
17
Let l = 385 - 632. Let s = 136 + -564. Let y = l - s. List the prime factors of y.
181
Suppose 12*k + 96918 = 18*k. Suppose 0 = 12*c - 41*c + k. List the prime factors of c.
557
Suppose -9*b + 4*b - 5407 = -2*v, 0 = 4*v + 5*b - 10769. Suppose 5*r - 1479 - v = 0. List the prime factors of r.
5, 167
What are the prime factors of (-8)/(-6)*3243*(-12)/(-8)?
2, 3, 23, 47
Let o = -298 - -301. Suppose -5*g - 2*r + 1296 = 0, 0 = -2*g + 4*g + o*r - 514. What are the prime factors of g?
2, 5, 13
Suppose 3*q - 22240 = -4*o + 2422, 0 = 4*q - 4*o - 32892. List the prime factors of q.
2, 4111
Let o be (1*-59)/(-4*(-7)/168). Let s = o + 603. List the prime factors of s.
3, 83
Let a = -501 + -819. Let t = 1848 + a. List the prime factors of t.
2, 3, 11
Let p(c) = 35*c - 172. Let n be p(7). Let w = 499 - n. List the prime factors of w.
2, 3, 71
Let o = 33438 - 23407. List the prime factors of o.
7, 1433
Let w(h) = 29*h**2 - 7*h - 2. Let t be (-74)/((-12)/(-21) + 90/(-35)). Suppose -5*g - t = -22. List the prime factors of w(g).
2, 5, 7
Suppose l - 12 = -10. Let w(b) = 8 - l*b + 22 + 2*b**3 - 17*b**2 - 3*b**3. List the prime factors of w(-17).
2
Let j(p) = 122*p + 3. Suppose 28*m = 20*m + 8. Suppose 5*q + 4*z - 26 = 0, 0 = -4*q + 3*z - 5 + m. List the prime factors of j(q).
13, 19
Suppose 410 = 29*d - 402. Let u(q) = 2*q**3 - 54*q**2 - 29*q + 21. What are the prime factors of u(d)?
3, 7, 37
Let t = -151 - -151. Suppose t = 2*s - 3*f - 1052, -2*s + 4*f = -110 - 946. List the prime factors of s.
2, 5, 13
Suppose 8*s = -8*s + 512. Let m = -22 + 25. List the prime factors of 2*(s - (0 + m)).
2, 29
Let y be 31 - (-2 + 20/4). Let d = y - 28. Suppose s - 2 - 8 = d. List the prime factors of s.
2, 5
Suppose 334*f + 337253 = 944241 + 902024. List the prime factors of f.
2, 3, 251
Let h = -6633 - -10200. List the prime factors of h.
3, 29, 41
Let k = -144 + 109. Let g = 53 + k. Suppose 11*q + 91 = g*q. What are the prime factors of q?
13
Let n(l) = -l**2 + 4*l + 14. Let a be n(6). Suppose -4*k = a*y - 274, k - 2*k - 2*y + 64 = 0. List the prime factors of k.
2, 5, 7
Suppose -2*l + 6 - 14 = 0. Suppose 2*u - 602 = 3*o, -5*u - 252*o + 250*o = -1467. What are the prime factors of (u/(-3))/(-1) + l/(-6)?
3, 11
Suppose 16170 = 2089*t - 2083*t - 45708. List the prime factors of t.
10313
Suppose -92 - 52 = -9*a. Suppose a*g - 7917 = 3*g. What are the prime factors of g?
3, 7, 29
Let v be (4/12)/(-1 - (-52)/48). Suppose -v*l = 4*l - 2752. List the prime factors of l.
2, 43
Let a = -800 - -1574. Let v = 1485 - a. What are the prime factors of v?
3, 79
Suppose 4*z - 5 - 7 = 0. Suppose -z - 3 = -6*o. Suppose 5*l + 4*y = -o, -5*y + 2*y - 24 = -4*l. List the prime factors of l.
3
Suppose 0 = -9*v + 4*v + 3*p - 2865, -2*v + 4*p - 1132 = 0. Let h = v + 621. List the prime factors of h.
3, 5
Let r = 212 + 63. Suppose -3*x + r = 5*a, 5*a + 0*x - 275 = x. What are the prime factors of a?
5, 11
Let r be (3/2)/(27/72). Suppose 2*s + 2*s - 2972 = -4*p, 5*s + r*p = 3714. List the prime factors of s.
2, 7, 53
Suppose -8*j + 16*j - 32 = 0. Suppose -j*v = -4*l + 12, v + 5 = l + 2*v. Suppose 133 + 555 = l*o. List the prime factors of o.
2, 43
Suppose 0 = 7*k - 13184 + 2257. List the prime factors of k.
7, 223
Suppose -346704 = -67*p + 597314 + 117128. What are the prime factors of p?
2, 7919
Suppose -71 + 15 = -4*p. Let m be (-2)/15 - (272/(-15) + (-276)/69). Suppose -p*c = m - 414. List the prime factors of c.
2, 7
Let v be (1*-6 - -4)*(-37)/(-2). Let b = -47 - v. Let n = -1 - b. What are the prime factors of n?
3
Let k be 1*(-12)/15*-1440. What are the prime factors of -10*(k/(-20) - -6)?
2, 3, 43
Suppose 4*x = -5*z + 25, 1 + 9 = 3*x + 2*z. Suppose i + 1 - 15 = x. What are the prime factors of ((-133)/i)/((-1)/2)?
19
Suppose -7*t + 0*t = 70. Let g be (21 - t)/(2*(-1)/(-2)). Let c = g - 18. What are the prime factors of c?
13
Suppose 2*c = -h - 2, 2*h + 4